{"version":"1.0","provider_name":"ACTEC","provider_url":"https:\/\/actec-ong.org\/nl\/","title":"La educaci\u00f3n de mi hija - ACTEC","type":"rich","width":600,"height":338,"html":"<blockquote class=\"wp-embedded-content\" data-secret=\"49Dqm6EsW8\"><a href=\"https:\/\/actec-ong.org\/nl\/la-educacion-de-mi-hija\/\">La educaci\u00f3n de mi hija<\/a><\/blockquote><iframe sandbox=\"allow-scripts\" security=\"restricted\" src=\"https:\/\/actec-ong.org\/nl\/la-educacion-de-mi-hija\/embed\/#?secret=49Dqm6EsW8\" width=\"600\" height=\"338\" title=\"&#8220;La educaci\u00f3n de mi hija&#8221; &#8212; ACTEC\" data-secret=\"49Dqm6EsW8\" frameborder=\"0\" marginwidth=\"0\" marginheight=\"0\" scrolling=\"no\" class=\"wp-embedded-content\"><\/iframe><script>\n\/*! This file is auto-generated *\/\n!function(d,l){\"use strict\";l.querySelector&&d.addEventListener&&\"undefined\"!=typeof URL&&(d.wp=d.wp||{},d.wp.receiveEmbedMessage||(d.wp.receiveEmbedMessage=function(e){var t=e.data;if((t||t.secret||t.message||t.value)&&!\/[^a-zA-Z0-9]\/.test(t.secret)){for(var s,r,n,a=l.querySelectorAll('iframe[data-secret=\"'+t.secret+'\"]'),o=l.querySelectorAll('blockquote[data-secret=\"'+t.secret+'\"]'),c=new RegExp(\"^https?:$\",\"i\"),i=0;i<o.length;i++)o[i].style.display=\"none\";for(i=0;i<a.length;i++)s=a[i],e.source===s.contentWindow&&(s.removeAttribute(\"style\"),\"height\"===t.message?(1e3<(r=parseInt(t.value,10))?r=1e3:~~r<200&&(r=200),s.height=r):\"link\"===t.message&&(r=new URL(s.getAttribute(\"src\")),n=new URL(t.value),c.test(n.protocol))&&n.host===r.host&&l.activeElement===s&&(d.top.location.href=t.value))}},d.addEventListener(\"message\",d.wp.receiveEmbedMessage,!1),l.addEventListener(\"DOMContentLoaded\",function(){for(var e,t,s=l.querySelectorAll(\"iframe.wp-embedded-content\"),r=0;r<s.length;r++)(t=(e=s[r]).getAttribute(\"data-secret\"))||(t=Math.random().toString(36).substring(2,12),e.src+=\"#?secret=\"+t,e.setAttribute(\"data-secret\",t)),e.contentWindow.postMessage({message:\"ready\",secret:t},\"*\")},!1)))}(window,document);\n\/\/# sourceURL=https:\/\/actec-ong.org\/wp-includes\/js\/wp-embed.min.js\n<\/script>\n","thumbnail_url":"https:\/\/actec-ong.org\/wp-content\/uploads\/2019\/04\/actec-noticias-becas-marialorenza-featured.jpg","thumbnail_width":1600,"thumbnail_height":1000,"description":"[vc_row type=&#8221;vc_default&#8221; css=&#8221;.vc_custom_1473180234920{padding-bottom: 50px !important;}&#8221;][vc_column offset=&#8221;vc_col-lg-offset-1 vc_col-lg-10 vc_col-md-offset-1 vc_col-md-10&#8243;][vc_column_text css=&#8221;.vc_custom_1554722419188{padding-bottom: 40px !important;}&#8221;] Mar\u00eda Lorenza Chuta Quich\u00e9, vive en una comunidad en el departamento de Solol\u00e1 Guatemala, en donde las oportunidades de obtener un trabajo estable son dif\u00edciles, lo que conlleva que varias familias no prioricen la educaci\u00f3n de los hijos. [\/vc_column_text][vc_column_text] El padre de Juana&hellip;"}

La educación de mi hija - ACTEC

<blockquote class="wp-embedded-content" data-secret="49Dqm6EsW8"><a href="https://actec-ong.org/nl/la-educacion-de-mi-hija/">La educación de mi hija</a></blockquote><iframe sandbox="allow-scripts" security="restricted" src="https://actec-ong.org/nl/la-educacion-de-mi-hija/embed/#?secret=49Dqm6EsW8" width="600" height="338" title="&#8220;La educación de mi hija&#8221; &#8212; ACTEC" data-secret="49Dqm6EsW8" frameborder="0" marginwidth="0" marginheight="0" scrolling="no" class="wp-embedded-content"></iframe><script>
/*! This file is auto-generated */
!function(d,l){"use strict";l.querySelector&&d.addEventListener&&"undefined"!=typeof URL&&(d.wp=d.wp||{},d.wp.receiveEmbedMessage||(d.wp.receiveEmbedMessage=function(e){var t=e.data;if((t||t.secret||t.message||t.value)&&!/[^a-zA-Z0-9]/.test(t.secret)){for(var s,r,n,a=l.querySelectorAll('iframe[data-secret="'+t.secret+'"]'),o=l.querySelectorAll('blockquote[data-secret="'+t.secret+'"]'),c=new RegExp("^https?:$","i"),i=0;i<o.length;i++)o[i].style.display="none";for(i=0;i<a.length;i++)s=a[i],e.source===s.contentWindow&&(s.removeAttribute("style"),"height"===t.message?(1e3<(r=parseInt(t.value,10))?r=1e3:~~r<200&&(r=200),s.height=r):"link"===t.message&&(r=new URL(s.getAttribute("src")),n=new URL(t.value),c.test(n.protocol))&&n.host===r.host&&l.activeElement===s&&(d.top.location.href=t.value))}},d.addEventListener("message",d.wp.receiveEmbedMessage,!1),l.addEventListener("DOMContentLoaded",function(){for(var e,t,s=l.querySelectorAll("iframe.wp-embedded-content"),r=0;r<s.length;r++)(t=(e=s[r]).getAttribute("data-secret"))||(t=Math.random().toString(36).substring(2,12),e.src+="#?secret="+t,e.setAttribute("data-secret",t)),e.contentWindow.postMessage({message:"ready",secret:t},"*")},!1)))}(window,document);
//# sourceURL=https://actec-ong.org/wp-includes/js/wp-embed.min.js
</script>

[vc_row type=&#8221;vc_default&#8221; css=&#8221;.vc_custom_1473180234920{padding-bottom: 50px !important;}&#8221;][vc_column offset=&#8221;vc_col-lg-offset-1 vc_col-lg-10 vc_col-md-offset-1 vc_col-md-10&#8243;][vc_column_text css=&#8221;.vc_custom_1554722419188{padding-bottom: 40px !important;}&#8221;] María Lorenza Chuta Quiché, vive en una comunidad en el departamento de Sololá Guatemala, en donde las oportunidades de obtener un trabajo estable son difíciles, lo que conlleva que varias familias no prioricen la educación de los hijos. [/vc_column_text][vc_column_text] El padre de Juana&hellip;
